ds digit of 35784491?
8
What is the ten thousands digit of 616101691?
0
What is the tens digit of 756089661?
6
What is the thousands digit of 1563486440?
6
What is the thousands digit of 2502402461?
2
What is the hundreds digit of 41352612?
6
What is the ten millions digit of 28876826?
2
What is the hundreds digit of 5731097566?
5
What is the ten millions digit of 58364032?
5
What is the hundred millions digit of 4596555743?
5
What is the millions digit of 44773812?
4
What is the hundreds digit of 403866711?
7
What is the thousands digit of 4939144?
9
What is the ten millions digit of 1291650397?
9
What is the thousands digit of 58974433?
4
What is the hundred millions digit of 2643468223?
6
What is the ten millions digit of 28086369?
2
What is the hundred millions digit of 273085204?
2
What is the ten millions digit of 1578346673?
7
What is the ten thousands digit of 98193990?
9
What is the ten millions digit of 372676611?
7
What is the millions digit of 1901041627?
1
What is the thousands digit of 5353801536?
1
What is the tens digit of 137482749?
4
What is the hundreds digit of 64578033?
0
What is the ten thousands digit of 447450145?
5
What is the millions digit of 76530107?
6
What is the hundred millions digit of 3373763803?
3
What is the tens digit of 764198930?
3
What is the ten thousands digit of 232568371?
6
What is the hundred thousands digit of 8894564?
8
What is the ten thousands digit of 3443106424?
0
What is the hundreds digit of 6540595866?
8
What is the millions digit of 261664784?
1
What is the ten millions digit of 1500915466?
0
What is the ten thousands digit of 282783576?
8
What is the hundred thousands digit of 801145317?
1
What is the hundred millions digit of 2116154307?
1
What is the ten millions digit of 75682328?
7
What is the ten millions digit of 347820921?
4
What is the ten millions digit of 25410060?
2
What is the tens digit of 39554724?
2
What is the hundred thousands digit of 95958633?
9
What is the millions digit of 19072478?
9
What is the units digit of 8498826140?
0
What is the ten thousands digit of 93067868?
6
What is the millions digit of 323751276?
3
What is the thousands digit of 131908725?
8
What is the ten millions digit of 43697351?
4
What is the millions digit of 2991755?
2
What is the tens digit of 129466830?
3
What is the ten millions digit of 48806939?
4
What is the tens digit of 117983415?
1
What is the ten thousands digit of 62915891?
1
What is the ten millions digit of 3404738293?
0
What is the hundred thousands digit of 277539427?
5
What is the tens digit of 2251577802?
0
What is the tens digit of 2922615904?
0
What is the units digit of 330045386?
6
What is the ten millions digit of 13723201?
1
What is the units digit of 44611695?
5
What is the ten thousands digit of 51478140?
7
What is the tens digit of 372068399?
9
What is the tens digit of 172441572?
7
What is the thousands digit of 1856327202?
7
What is the units digit of 44345457?
7
What is the thousands digit of 28646879?
6
What is the thousands digit of 2542613296?
3
What is the millions digit of 5765715174?
5
What is the ten thousands digit of 20171079?
7
What is the hundred millions digit of 226095046?
2
What is the units digit of 199002954?
4
What is the units digit of 43182791?
1
What is the hundred millions digit of 885238073?
8
What is the millions digit of 586003460?
6
What is the hundred thousands digit of 736815210?
8
What is the hundred thousands digit of 141288977?
2
What is the tens digit of 32890234?
3
What is the ten thousands digit of 184957139?
5
What is the hundreds digit of 51615883?
8
What is the millions digit of 1342205833?
2
What is the millions digit of 4544520461?
4
What is the hundred thousands digit of 11960218?
9
What is the ten thousands digit of 1162906935?
0
What is the tens digit of 220302345?
4
What is the tens digit of 43748453?
5
What is the units digit of 134830717?
7
What is the ten millions digit of 53956937?
5
What is the hundred millions digit of 2726513781?
7
What is the ten thousands digit of 2322610917?
1
What is the hundred thousands digit of 560019952?
0
What is the ten thousands digit of 5078394411?
9
What is the tens digit of 115877038?
3
What is the units digit of 29927812?
2
What is the thousands digit of 371754093?
4
What is the ten millions digit of 269505801?
6
What is the hundreds digit of 825863779?
7
What is the hundreds digit of 429595415?
4
What is the hundred thousands digit of 46021798?
0
What is the hundreds digit of 3833808875?
8
What is the millions digit of 3482133281?
2
What is the hundred millions digit of 803640593?
8
What is the thousands digit of 59672470?
2
What is the ten thousands digit of 134181619?
8
What is the tens digit of 402980979?
7
What is the hundred millions digit of 576719907?
5
What is the millions digit of 274866918?
4
What is the millions digit of 18023965?
8
What is the units digit of 70801734?
4
What is the ten thousands digit of 82815024?
1
What is the units digit of 37797881?
1
What is the thousands digit of 68653118?
3
What is the ten thousands digit of 19665051?
6
What is the ten millions digit of 417868920?
1
What is the ten millions digit of 64455484?
6
What is the tens digit of 348724642?
4
What is the hundreds digit of 209900054?
0
What is the hundreds digit of 361600672?
6
What is the thousands digit of 446384310?
4
What is the billions digit of 4186506423?
4
What is the tens digit of 55993235?
3
What is the hundreds digit of 1065493002?
0
What is the units digit of 717931380?
0
What is the units digit of 147258576?
6
What is the millions digit of 3245929340?
5
What is the units digit of 810557853?
3
What is the ten millions digit of 230165860?
3
What is the ten millions digit of 117346743?
1
What is the ten millions digit of 82073166?
8
What is the ten thousands digit of 4783806?
8
What is the hundred thousands digit of 6971568370?
5
What is the ten thousands digit of 4164437?
6
What is the hundreds digit of 2446387657?
6
What is the hundred thousands digit of 48335105?
3
What is the ten millions digit of 2079997241?
7
What is the units digit of 55415455?
5
What is the ten millions digit of 1533610063?
3
What is the ten millions digit of 928405139?
2
What is the thousands digit of 146107010?
7
What is the ten thousands digit of 2476536779?
3
What is the ten thousands digit of 546577021?
7
What is the thousands digit of 1055158883?
8
What is the tens digit of 48360760?
6
What is the hundreds digit of 684749307?
3
What is the units digit of 146401865?
5
What is the hundred millions digit of 523928563?
5
What is the tens digit of 44644920?
2
What is the ten thousands digit of 4784905?
8
What is the ten millions digit of 155970090?
5
What is the hundred millions digit of 2055582492?
0
What is the ten millions digit of 90655938?
9
What is the units digit of 278629624?
4
What is the tens digit of 403027835?
3
What is the ten millions digit of 546222360?
4
What is the hundred millions digit of 477230395?
4
What is the hundred thousands digit of 25118711?
1
What is the millions digit of 2277390663?
7
What is the ten thousands digit of 524245644?
4
What is the hundred thousands digit of 871640027?
6
What is the tens digit of 26371670?
7
What is the ten thousands digit of 396114707?
1
What is the tens digit of 428621196?
9
What is the hundred thousands digit of 170916425?
9
What is the ten thousands digit of 438610095?
1
What is the ten millions digit of 2538522163?
3
What is the hundred thousands digit of 64036077?
0
What is the hundreds digit of 35402601?
6
What is the billions digit of 2133546100?
2
What is the ten millions digit of 166304532?
6
What is the millions digit of 381895238?
1
What is the thousands digit of 15593523?
3
What is the hundreds digit of 50082682?
6
What is the units digit of 517785513?
3
What is the ten thousands digit of 76751842?
5
What is the hundred thousands digit of 798861023?
8
What is the millions digit of 1111023440?
1
What is the millions digit of 80313404?
0
What is the thousands digit of 4735767304?
7
What is the tens digit of 101889971?
7
What is the tens digit of 121672748?
4
What is the hundred millions digit of 233841732?
2
What is the hundreds digit of 800173334?
3
What is the hundred thousands digit of